What is the tens digit of 481341461?
6
What is the hundred thousands digit of 24435929?
4
What is the thousands digit of 634200302?
0
What is the hundred thousands digit of 2346681737?
6
What is the units digit of 139654703?
3
What is the hundreds digit of 185008768?
7
What is the billions digit of 3204877686?
3
What is the millions digit of 14952633?
4
What is the hundred millions digit of 319995665?
3
What is the hundred thousands digit of 15050789?
0
What is the thousands digit of 37436351?
6
What is the tens digit of 37439482?
8
What is the hundreds digit of 2338442491?
4
What is the units digit of 165959821?
1
What is the tens digit of 110348012?
1
What is the thousands digit of 18088092?
8
What is the ten millions digit of 600318038?
0
What is the millions digit of 25168962?
5
What is the hundred thousands digit of 929218874?
2
What is the hundred thousands digit of 2893194498?
1
What is the millions digit of 74464595?
4
What is the thousands digit of 422762717?
2
What is the hundred thousands digit of 1416447264?
4
What is the millions digit of 236606908?
6
What is the thousands digit of 5329014558?
4
What is the thousands digit of 86774068?
4
What is the thousands digit of 591384223?
4
What is the billions digit of 3111139046?
3
What is the thousands digit of 76870633?
0
What is the hundreds digit of 301750752?
7
What is the hundred millions digit of 636266749?
6
What is the millions digit of 385157448?
5
What is the hundreds digit of 58179102?
1
What is the hundreds digit of 135231346?
3
What is the tens digit of 2739987520?
2
What is the hundred thousands digit of 1161960174?
9
What is the tens digit of 49092698?
9
What is the ten millions digit of 44282875?
4
What is the thousands digit of 26319457?
9
What is the millions digit of 233475815?
3
What is the hundreds digit of 1725419904?
9
What is the ten millions digit of 477779647?
7
What is the thousands digit of 73697928?
7
What is the ten millions digit of 1061323547?
6
What is the hundreds digit of 14697971?
9
What is the thousands digit of 164513363?
3
What is the ten millions digit of 40293369?
4
What is the hundred thousands digit of 3312143?
3
What is the ten thousands digit of 1913098844?
9
What is the tens digit of 4933470017?
1
What is the hundreds digit of 894192396?
3
What is the hundred thousands digit of 16650751?
6
What is the tens digit of 1020486244?
4
What is the millions digit of 210374932?
0
What is the hundred millions digit of 253770125?
2
What is the thousands digit of 1676630966?
0
What is the hundred thousands digit of 2413706479?
7
What is the billions digit of 1402075557?
1
What is the hundreds digit of 194356724?
7
What is the millions digit of 846006395?
6
What is the hundred millions digit of 408004249?
4
What is the thousands digit of 2065322377?
2
What is the ten millions digit of 1796754282?
9
What is the millions digit of 108664728?
8
What is the millions digit of 36693512?
6
What is the hundred millions digit of 1957093098?
9
What is the hundred thousands digit of 153527878?
5
What is the units digit of 35013739?
9
What is the millions digit of 5724428042?
4
What is the hundred millions digit of 1196232728?
1
What is the tens digit of 2803872447?
4
What is the millions digit of 1603972278?
3
What is the units digit of 1695680968?
8
What is the tens digit of 65248075?
7
What is the ten thousands digit of 54038444?
3
What is the hundreds digit of 417081085?
0
What is the hundred thousands digit of 183197207?
1
What is the hundreds digit of 150540983?
9
What is the ten millions digit of 1913365658?
1
What is the hundred thousands digit of 171430133?
4
What is the units digit of 22506623?
3
What is the units digit of 77176974?
4
What is the ten millions digit of 151766588?
5
What is the hundred thousands digit of 292817378?
8
What is the ten millions digit of 18748424?
1
What is the hundred millions digit of 797875467?
7
What is the hundred thousands digit of 256942939?
9
What is the billions digit of 2393305974?
2
What is the ten millions digit of 51950683?
5
What is the tens digit of 965542849?
4
What is the ten thousands digit of 2929106425?
0
What is the ten millions digit of 140684279?
4
What is the units digit of 157791638?
8
What is the hundred millions digit of 284672519?
2
What is the billions digit of 1994191560?
1
What is the hundred thousands digit of 46573584?
5
What is the hundreds digit of 3608814691?
6
What is the tens digit of 1344601603?
0
What is the units digit of 27701517?
7
What is the ten thousands digit of 90946331?
4
What is the ten thousands digit of 17624360?
2
What is the tens digit of 85125624?
2
What is the ten millions digit of 716890810?
1
What is the hundred millions digit of 343716998?
3
What is the ten millions digit of 213455142?
1
What is the hundred thousands digit of 88017880?
0
What is the thousands digit of 744557585?
7
What is the tens digit of 262877870?
7
What is the hundreds digit of 293783392?
3
What is the hundred millions digit of 1062807972?
0
What is the hundreds digit of 4549128811?
8
What is the hundreds digit of 48667681?
6
What is the units digit of 31555065?
5
What is the ten millions digit of 127588926?
2
What is the units digit of 79671998?
8
What is the hundred millions digit of 5903883650?
9
What is the ten millions digit of 208733280?
0
What is the ten millions digit of 614910432?
1
What is the hundred millions digit of 1329356238?
3
What is the hundred thousands digit of 21355635?
3
What is the ten thousands digit of 1460547495?
4
What is the ten thousands digit of 80759346?
5
What is the ten thousands digit of 152922453?
2
What is the hundreds digit of 16829050?
0
What is the thousands digit of 4321263295?
3
What is the ten millions digit of 237325011?
3
What is the hundred thousands digit of 2481163006?
1
What is the hundred millions digit of 1855998330?
8
What is the hundred thousands digit of 1304718070?
7
What is the ten millions digit of 1984897239?
8
What is the ten thousands digit of 293805802?
0
What is the thousands digit of 138151717?
1
What is the tens digit of 99419946?
4
What is the hundred millions digit of 151845951?
1
What is the hundred millions digit of 1923721264?
9
What is the thousands digit of 3887477240?
7
What is the ten millions digit of 47319675?
4
What is the hundreds digit of 265222079?
0
What is the hundreds digit of 666856185?
1
What is the hundred millions digit of 158158239?
1
What is the ten thousands digit of 16255565?
5
What is the units digit of 31145341?
1
What is the millions digit of 80284704?
0
What is the millions digit of 141382057?
1
What is the thousands digit of 38636285?
6
What is the ten millions digit of 1168960939?
6
What is the hundreds digit of 154766993?
9
What is the hundred millions digit of 277768553?
2
What is the hundred millions digit of 1419427244?
4
What is the hundred thousands digit of 53199970?
1
What is the millions digit of 89336371?
9
What is the tens digit of 69936916?
1
What is the hundred thousands digit of 23261267?
2
What is the hundred thousands digit of 888175420?
1
What is the ten thousands digit of 1239630155?
3
What is the hundreds digit of 4492768172?
1
What is the billions digit of 1953728470?
1
What is the units digit of 3114418385?
5
What is the thousands digit of 4634223216?
3
What is the hundreds digit of 104371788?
7
What is the hundreds digit of 11146112?
1
What is the tens digit of 182000854?
5
What is the thousands digit of 669759267?
9
What is the units digit of 30489378?
8
What is the hundred millions digit of 1309734837?
3
What is the ten thousands digit of 303957440?
5
What is the ten millions digit of 60627808?
6
What is the hundred millions digit of 1599385889?
5
What is the hundred millions digit of 186310017?
1
What is the thousands digit of 21572240?
2
What is the ten thousands digit of 431417432?
1
What is the hundreds digit of 17643053?
0
What is the thousands digit of 31446095?
6
What is the hundred millions digit of 1338618301?
3
What is the ten millions digit of 1234618719?
3
What is the ten millions digit of 22912345?
2
What is the units digit of 39871062?
2
What is the hundred thousands digit of 364739882?
7
What is the tens digit of 178635585?
8
What is the thousands digit of 453072?
3